base 16) to base 14
140c
Convert -102203 (base 5) to base 7.
-12665
Convert -41433 (base 5) to base 13.
-1330
What is 650 (base 9) in base 10?
531
Convert 42300 (base 11) to base 14.
18633
Convert -3413104 (base 5) to base 8.
-165764
Convert 101014 (base 5) to base 16.
cbb
Convert 1221 (base 5) to base 6.
510
112020 (base 3) to base 11
31a
12540 (base 8) to base 15
194c
-395a (base 11) to base 12
-2b8b
Convert -31a (base 13) to base 7.
-1355
What is -11683 (base 9) in base 4?
-1322223
Convert -131 (base 7) to base 16.
-47
1a506 (base 11) to base 2
110111110010010
Convert 1121 (base 5) to base 10.
161
What is 12a6c (base 16) in base 8?
225154
What is -20120 (base 3) in base 8?
-261
2022111 (base 3) to base 14
887
What is -8b4b (base 12) in base 3?
-210012212
What is 4062 (base 8) in base 12?
126a
-110001010 (base 2) to base 9
-477
What is c07 (base 14) in base 10?
2359
Convert -410 (base 14) to base 15.
-383
Convert -22737 (base 10) to base 14.
-8401
a41 (base 13) to base 6
12023
-602b (base 13) to base 16
-33a3
Convert -2655 (base 9) to base 15.
-8ce
-12031 (base 6) to base 7
-5044
-327 (base 11) to base 7
-1100
Convert -1313 (base 10) to base 16.
-521
Convert -3033402 (base 5) to base 10.
-49227
1002143 (base 5) to base 13
732b
What is -101213 (base 4) in base 15?
-502
Convert b439 (base 12) to base 7.
111141
What is 21022210 (base 3) in base 6?
40420
Convert 41 (base 9) to base 8.
45
-233203 (base 4) to base 12
-1917
11110111 (base 2) to base 15
117
What is 97c (base 14) in base 5?
24444
1014014 (base 5) to base 15
4e74
Convert -12b (base 16) to base 7.
-605
1269 (base 10) to base 13
768
Convert -141701 (base 8) to base 5.
-3100423
432112 (base 5) to base 10
14657
What is -11100100111 (base 2) in base 3?
-2111211
Convert 5401 (base 11) to base 10.
7140
What is -24 (base 9) in base 2?
-10110
Convert 20022 (base 4) to base 5.
4042
485e (base 15) to base 11
10620
8ce2 (base 16) to base 8
106342
-10d8 (base 15) to base 2
-110111111010
What is 246 (base 9) in base 15?
d9
What is 1140 (base 7) in base 3?
120120
Convert -c5a (base 15) to base 14.
-102d
-266 (base 11) to base 15
-15e
-2c (base 16) to base 7
-62
1510 (base 7) to base 4
21103
What is 382 (base 12) in base 8?
1022
What is -3061 (base 12) in base 8?
-12211
Convert -41401 (base 5) to base 11.
-2059
Convert -2254 (base 6) to base 4.
-20122
-8d0 (base 14) to base 4
-123112
What is -4125 (base 6) in base 10?
-917
Convert -55271 (base 8) to base 10.
-23225
36a (base 12) to base 16
202
4461 (base 9) to base 4
303133
What is -111324 (base 7) in base 3?
-1000001020
What is 1134 (base 11) in base 12?
a41
Convert -501 (base 7) to base 2.
-11110110
What is 8645 (base 12) in base 15?
457b
2b20 (base 13) to base 12
3773
Convert 1011011111010 (base 2) to base 11.
4468
What is 410 (base 12) in base 10?
588
109 (base 12) to base 10
153
What is -4a05 (base 15) in base 14?
-5a55
What is -350 (base 8) in base 6?
-1024
2023 (base 6) to base 15
1ec
-2166 (base 12) to base 16
-e5e
What is -428 (base 14) in base 10?
-820
211202 (base 5) to base 9
10605
-7390 (base 13) to base 16
-3e83
-3a39 (base 11) to base 7
-21202
-11030210 (base 4) to base 2
-101001100100100
-1100421 (base 5) to base 15
-58c6
What is -3bc8 (base 13) in base 2?
-10000110100110
What is -255 (base 9) in base 2?
-11010100
-100 (base 15) to base 8
-341
Convert -24411 (base 6) to base 3.
-11221121
What is 12013021 (base 4) in base 16?
61c9
-331 (base 8) to base 5
-1332
Convert 1bc9 (base 13) to base 12.
2539
What is -a3a4 (base 13) in base 8?
-54123
What is 4233 (base 7) in base 15?
699
25103 (base 6) to base 7
13551
Convert 15ba (base 13) to base 8.
6173
6412 (base 8) to base 7
12506
120121 (base 3) to base 6
1541
Convert 140243 (base 6) to base 8.
31403
-13123 (base 5) to base 4
-100032
Convert 102155 (base 7) to base 5.
1030312
1624 (base 12) to base 9
3531
What is -331a (base 13) in base 4?
-1233101
Convert -1166 (base 9) to base 12.
-606
Convert -14e (base 15) to base 9.
-362
What is 11011001110 (base 2) in base 3?
2101112
-2c17 (base 13) to base 15
-1d97
-10321 (base 4) to base 13
-1b1
What is -434 (base 13) in base 14?
-395
Convert -5135 (base 8) to base 12.
-1651
What is -102001101 (base 3) in base 7?
-32326
Convert 26366 (base 7) to base 12.
40bb
211113 (base 4) to base 8
4527
What is -1197 (base 12) in base 10?
-1987
Convert 202101220 (base 3) to base 5.
433444
Convert 13653 (base 7) to base 3.
12011100
Convert 12000 (base 5) to base 14.
467
-277 (base 13) to base 9
-534
What is -605 (base 7) in base 13?
-1a0
Convert 589 (base 14) to base 2.
10001001101
104433 (base 5) to base 15
1198
Convert -3da (base 14) to base 4.
-30030
What is -140431 (base 6) in base 5?
-404443
Convert 103323 (base 4) to base 7.
3501
-288 (base 10) to base 3
-101200
-2646 (base 16) to base 4
-2121012
What is 1521 (base 8) in base 16?
351
What is -3151 (base 6) in base 12?
-4b7
12 (base 8) to base 13
a
-1672 (base 9) to base 4
-110000
What is 116133 (base 7) in base 13?
9936
110765 (base 8) to base 2
1001000111110101
What is -462 (base 7) in base 11?
-1a9
What is -1930 (base 12) in base 11?
-2332
Convert -545 (base 12) to base 4.
-30011
10832 (base 9) to base 13
33aa
Convert -3 (base 11) to base 2.
-11
Convert -12013 (base 7) to base 14.
-11b3
41 (base 12) to base 15
34
Convert 79a (base 13) to base 12.
912
213602 (base 7) to base 15
b0e5
What is -12001 (base 4) in base 5?
-3020
Convert 188b5 (base 15) to base 5.
10021340
Convert -10100100101000 (base 2) to base 15.
-31c6
Convert -423 (base 5) to base 7.
-221
11010101000011 (base 2) to base 16
3543
Convert 100550 (base 6) to base 3.
101221210
What is 156 (base 15) in base 3?
102100
310 (base 12) to base 14
23a
Convert -223 (base 7) to base 8.
-163
-12102200 (base 3) to base 13
-1a58
Convert 103233 (base 4) to base 11.
a49
What is 9069 (base 10) in base 4?
2031231
Convert 21302102 (base 4) to base 16.
9c92
What is 11120111 (base 4) in base 8?
53025
100 (base 2) to base 10
4
-21233322 (base 4) to base 8
-115772
-179b9 (base 12) to base 11
-23824
What is -740 (base 12) in base 5?
-13211
111012 (base 3) to base 10
356
101101 (base 2) to base 3
1200
Convert -3466 (base 8) to base 7.
-5245
What is -41543 (base 7) in base 16?
-27ef
What is -100101101 (base 2) in base 16?
-12d
What is 5093 (base 10) in base 9?
6878
17056 (base 13) to base 8
125753
Convert -1771 (base 12) to base 2.
-101100000101
Convert 500 (base 14) to base 8.
1724
What is 1461 (base 14) in base 10?
3613
Convert -541b (base 13) to base 12.
-6919
b6aa (base 12) to base 10
20002
What is -dc (base 15) in base 2?
-11001111
What is -2744 (base 10) in base 8?
-5270
-23202 (base 5) to base 7
-4614
2021331 (base 4) to base 6
104513
What is 38a (base 13) in base 10?
621
What is 13134 (base 5) in base 15?
499
-6076 (base 8) to base 12
-1992
Convert 341102 (base 5) to base 14.
4551
-115 (base 15) to base 12
-185
What is 254 (base 14) in base 2?
111010010
What is fde (base 16) in base 3?
12120110
What is 1001010 (base 2) in base 16?
4a
Convert -3116 (base 7) to base 6.
-5015
What is -379 (base 12) in base 10?
-525
What is 53525 (base 8) in base 9?
33601
3463 (base 10) to base 9
4667
-472 (base 10) to base 9
-574
-21d7 (base 14) to base 4
-1123301
-183 (base 11) to base 5
-1322
-740 (base 16) to base 15
-83b
What is 76974 (base 10) in base 16?
12cae
11a34 (base 14) to base 16
a89e
Convert -1888 (base 10) to base 3.
-2120221
Convert 134 (base 9) to base 5.
422
121010121 (base 3) to base 16
2df1
Convert 814 (base 11) to base 13.
5a8
Convert 623 (base 11) to base 8.
1357
What is -431230 (base 5) in base 9?
-21873
What is 3606 (base 16) in base 15?
4170
-4514 (base 16) to base 12
-a298
Convert -1485 (base 11) to base 6.
-12500
-13131331 (base 4) to base 7
-155116
Convert -658 (base 11) to base 2.
-1100010101
Convert 34500 (base 6) to base 16.
1344
26564 (base 7) to base 9
10725
What is 457a (base 13) in base 4?
2120012
-311 (base 10) to base 5
-2221
-12431 (base 5) to base 13
-5b3
What is -3279 (base 14) in base 12?
-5077
Convert -312 (base 14) to base 16.
-25c
125407 (base 8) to base 4
22230013
7a9 (base 13) to base 15
5d2
What is 145a (base 11) in base 13?
b18
2621 (base 11) to base 9
4610
3112131 (base 4) to base 2
11010110011101
1111000100111 (base 2) to base 